(t) = 13*t**2 + 2*t + 9. Let i = 6041 - 6044. Give v(i).
120
Suppose -2*f + 2*i = -4, -4*f = i - 18 - 25. Let k(p) = -11*p + 100. Calculate k(f).
1
Let c(j) = -4*j**2 - 38*j - 20. Let k(g) = 4*g**2 + 42*g + 22. Let x(l) = 7*c(l) + 6*k(l). What is x(-4)?
-16
Let a(c) = 6*c + 6. Suppose -2*d + 3*j + 31 = 0, 3*j + 20 + 26 = 5*d. Determine a(d).
36
Let m(v) be the first derivative of -12*v**2 + 6*v + 4496. What is m(-3)?
78
Let t(b) be the first derivative of 0*b + 20/3*b**3 - 1/12*b**4 + 1/120*b**5 - 3 + 0*b**2. Let o(p) be the third derivative of t(p). Calculate o(-2).
-4
Let s(q) = 24*q - 8. Suppose -6*t - 2*t - 2 = -7*t. Calculate s(t).
-56
Let i be (-2)/(-1) + 6*1. Let d(w) = -6*w - 29. Let v(f) be the first derivative of -2*f**2 - 19*f - 524. Let l(o) = i*v(o) - 5*d(o). What is l(-7)?
7
Suppose -u = -f - 7, 2*u = -4*f + 7*u - 31. Let j(v) = -v**3 - 5*v**2 - v - 2. What is j(f)?
-14
Let f(l) = l**2 + 22*l - 75. Suppose -y + 3025 = -41*y - 81*y. Give f(y).
0
Let x be 14 - -14*(-7)/98*14. Let q(z) be the second derivative of z**7/2520 - z**5/20 + z**4/12 - z. Let s(a) be the third derivative of q(a). Give s(x).
-6
Let k(o) = 2 - 6 - 1 + 3. Let x(r) = -r**2 - r + 5. Let z(d) = -3*k(d) - x(d). Determine z(-4).
13
Let p = 1641 - 1642. Let d(h) = -36*h**2 - 2*h - 1. Give d(p).
-35
Let m(h) = 2*h - 5. Let j be 42/(-28)*(-32)/3. Suppose -j = -3*r - 0*r - d, 5*r - 15 = -4*d. Determine m(r).
9
Let x(f) be the first derivative of 173 + 3/2*f**2 + f + 1/3*f**3. Determine x(-4).
5
Let l(f) = -3*f + 11. Let y be l(5). Let h(i) = 147*i - 571*i - 5 + 143*i + 139*i + 139*i. Give h(y).
7
Let s be ((-114)/76)/((-3)/(-20)) - -3. Let d(u) = -2*u - 16. Give d(s).
-2
Let i(b) = -b**3 - b**2 - b - 2. Let t(a) = -a**2 + 6*a + 40. Suppose 15*u = -2*u + 51. Suppose -u*z - 35 = -2*m, 4*m = m + 3*z + 45. Let g be t(m). Give i(g).
-2
Let w(c) = 10*c**3 - c**2 - c. Let i(x) = x**3 - 12*x**2 - 7*x - 17. Let z be i(12). Let t = 100 + z. Determine w(t).
-10
Let u(z) = z**2 - 8*z - 9. Let y(x) = x**2 - x. Let q(j) = -4*j**2 + 3*j + 3. Let b(h) = -q(h) + 2*y(h). Let t be b(-1). Calculate u(t).
-9
Let b(f) be the first derivative of 2*f**3/3 - 13*f**2/2 - 9*f + 1464. What is b(4)?
-29
Let t(i) = -i**3 - 3*i**2 - i - 2. Let p(r) = 13*r**3 - 21*r**2 - 3*r - 13. Let s(y) = -p(y) + 6*t(y). Calculate s(1).
-18
Let r(l) be the second derivative of l**5/60 + 13*l**3/6 - 81*l**2/2 + 146*l. Let g(v) be the first derivative of r(v). Calculate g(0).
13
Let u(p) = -p**2 + 6*p - 11. Let v(r) = 8*r**2 + 8*r + 8. Suppose -4*y - 2*g - 10 = 0, 0 = -5*y + g - 2*g - 8. Let f be v(y). Calculate u(f).
-27
Let v(g) = g**2 - 10*g - 6. Let k = -1177 - -1189. Calculate v(k).
18
Let w(u) = -4*u**3 - 21*u**2 - 13*u + 1. Let g(i) = -i**3 - 5*i**2 - 3*i. Let r(z) = -9*g(z) + 2*w(z). Let k be 320/(-152) - (-10)/95. Calculate r(k).
4
Let p(k) be the third derivative of -k**6/120 + 3*k**5/20 + k**4/24 - k**3/6 + k**2. Suppose 5*l + 928 = -4*i + 937, -5*l = 5*i. Calculate p(l).
8
Let c(h) be the second derivative of 3*h**2 + 108*h + 0 - 1/3*h**3. Suppose 28 = 5*s - 3*a - 9, -5*s + 5 = 5*a. Determine c(s).
-4
Let w(l) = l**2 + 5*l + 4. Let d = 402 + -389. Suppose -3*o - 35 = -5*c, -6*o + 11*o = -3*c - d. Determine w(o).
4
Suppose 62*d - 65*d - 12 = 0. Let b be (1/2)/(d/(-16)*-1). Let o(r) be the third derivative of r**5/15 - r**4/24 - 2*r**2. What is o(b)?
18
Let l(q) be the first derivative of q**2/2 - 23*q + 146. Suppose -3*y + 14*p = 15*p - 57, 4*y - 3*p - 76 = 0. Calculate l(y).
-4
Suppose 0 = -11*v + 7*v - 28. Let p be (-22)/v + 37/(-259). Let f(b) = -2*b + 2. What is f(p)?
-4
Let v(x) = x**2 - 4*x - 71. Let n be v(-7). Let w(s) = -3*s + 7. Let u(b) = 3*b - 7. Let c be 13/2 + (-2)/(-4). Let l(y) = c*u(y) + n*w(y). Determine l(-6).
-25
Let m(l) = -l**2 + 96*l - 358. Let c be m(4). Let o(w) = -w**2 + 7*w + 9. Give o(c).
-21
Suppose -198*z - 3352 = -206*z. Let r = z + -414. Let u(c) = c**3 - 4*c**2 - c - 7. What is u(r)?
13
Let r(b) = b**2 - 5*b - 18. Let f(g) = g**3 - 30*g**2 - 105*g + 194. Let x be f(33). Determine r(x).
18
Let y(v) = -6*v**2 - v + 3. Let a be y(-1). Let r be ((-5)/(-3) + a)*12. Let w(q) = q**2 + 3*q + 6. Determine w(r).
10
Let o be (12 - 6)/(3/2). Let a(q) = -2*q**2 - 15*q + 13. Let f(r) = -r**2 - 13*r + 10. Let i(t) = -5*a(t) + 6*f(t). Give i(o).
47
Let g be (-123)/6 + (58 - 33). Let p(k) be the first derivative of 5/3*k**3 + 1/4*k**4 - 9*k - g*k**2 + 40. Give p(-6).
9
Suppose -14 = -15*q + 17*q. Let o(l) = -8 + l**3 + 7*l - 160*l**2 + 168*l**2 + 5. What is o(q)?
-3
Let y(o) = -4*o**2 + 7*o + 4. Let x be y(2). Let s(i) = x*i - 25 - 3*i + 26. Determine s(1).
0
Let h(p) be the third derivative of 3*p**5/20 + p**4/3 - p**3 + 622*p**2 - 6*p. What is h(1)?
11
Suppose 3*t - a - 3*a - 6 = 0, -5*t - 5*a + 10 = 0. Let o(v) = -4*v**2 + 2*v - 1. Determine o(t).
-13
Let f(d) be the second derivative of -d**4/2 - d**3/6 - 7*d. Suppose 0 = -j + 4*o - 6, 6 = -10*j + 8*j + 5*o. Determine f(j).
-26
Let w(t) = 2*t - 9. Let q be (-207)/(-6)*80/15. Let x = q + -176. Give w(x).
7
Suppose 0 = -3*q + 4*i + 12, -3*q - q + 3*i + 23 = 0. Suppose -2*t = 4*u - 24, 8*u - 9*u - 16 = -5*t. Suppose -u*o - q = -4. Let w(m) = -11*m - 1. What is w(o)?
10
Let a = 0 - 1. Let s(n) be the second derivative of -n**6/144 + n**5/120 + 89*n**4/12 + n**2/2 + 49*n. Let b(k) be the third derivative of s(k). Calculate b(a).
6
Let i = 193 + -10. Let y(b) = -2*b + i - b - 182 + 4*b. Calculate y(-4).
-3
Let w(q) = 9 - q**3 + 346384*q**2 - 346375*q**2 + 10*q + 2*q**3. Calculate w(-8).
-7
Let g(q) = -q**2 + 2*q + 3. Let s(p) = 6*p**2 + 3*p - 6. Let t(k) = -4*g(k) - s(k). Determine t(-3).
9
Let r(z) = z**3 + 10*z**2 - 11*z + 7. Let c = 5092 + -5103. Determine r(c).
7
Let d be (-1)/2*(12 - 10)*0. Let u(l) = -l**3 + l**2 - l - 30. What is u(d)?
-30
Let g(o) = 7*o**2 - 28*o**3 + 12*o**3 - 4*o**2 - 2 - o. Let i(p) = 6 + 0 - p**3 - 5 + p - p**2. Let j(x) = g(x) + 2*i(x). Give j(-1).
18
Let h(l) be the first derivative of -l**4/4 - 4*l**3/3 - l**2/2 - l + 998. Let m(a) = a + 2. Let j be m(-6). Calculate h(j).
3
Let w = -14 + 7. Let v(l) = 3*l**3 - 5*l**2 + 3*l. Let t(q) = -14*q**3 + 19*q**2 - 14*q - 1. Let p(o) = 2*t(o) + 9*v(o). Calculate p(w).
5
Let x(p) = 73*p**2 + p - 16. Let v(d) = -91*d**2 - 3*d + 16. Let u(f) = 4*v(f) + 5*x(f). What is u(8)?
-8
Let f(v) be the second derivative of v**4/12 + 5*v**3/6 - 72*v. Let l = 3 + -6. Let j be f(l). Let t(w) = -w**3 - 7*w**2 - 5*w. Give t(j).
-6
Let i(r) = 8 - 79643*r - 2*r**2 + 79669*r + 25. What is i(14)?
5
Let a = -53 - -48. Let f(d) = d**3 + 7*d**2 + 9*d - 4. Let v be f(a). Let z(l) = 49*l - 55*l + 1 - v. Calculate z(1).
-6
Let w(z) = -12*z - 10*z - 5*z - 13*z**3 + 31*z - 3*z. Suppose 3*t = -2*t + 5. Give w(t).
-12
Let d = 182 + -180. Let i(v) = -5*v + 1 + 0*v + 4*v + 0*v - d*v**2. Give i(1).
-2
Let y(r) = 12*r + 23. Let c(j) = -10*j - 21. Let n(o) = -5*c(o) - 4*y(o). Let i be n(-4). Let x(w) = -w**3 + 4*w**2 + 4*w + 2. Calculate x(i).
-3
Let v(n) = -7*n**2 + 9*n + 5. Let c(z) be the first derivative of -5*z**3 + 9*z**2 + 9*z + 93. Let s(b) = -6*c(b) + 13*v(b). Calculate s(10).
1
Let j be (-1)/(-3) - 156/(-18). Let n(q) = -q**3 - 137*q - 65517*q**2 + 7 + 65526*q**2 + 136*q. Give n(j).
-2
Suppose 4*s + 36 = -10*x + 14*x, x + 30 = -2*s. Let r(d) = d - 10. Determine r(s).
-23
Let g(h) be the second derivative of -3*h**5/10 + h**3/3 + 5511*h. Give g(1).
-4
Let o(r) be the third derivative of -r**7/1008 + r**6/240 + 3*r**5/10 + r**4/12 + 5*r**2 + r. Let z(w) be the third derivative of o(w). What is z(2)?
-7
Suppose 753 = -6*w - 351. Let l = -191 - w. Let i(x) = 0*x - 3 - 7*x + 4 - x**2. Give i(l).
1
Let t(i) be the third derivative of -i**6/120 + i**5/6 - i**3 + 2*i**2. Let l be 62976/3072*20/41. Give t(l).
-6
Let d be (3925/2355)/(((-23)/(-9) + -2)/1). Let a(h) = h**3 - 2*h**2 + 3*h + 1. Give a(d).
19
Let a(u) = -4*u + 13. Let p = -5 - -9. Let l be a(p). Let b(w) = 0*w**2 - 2 - 3*w - w**2 + 1 - 2*w. Determine b(l).
5
Let h(c) = -10*c**2 + c**3 - 171043*c + 171030*c - 5*c**2 - 39. What is h(16)?
9
Let a be (-2)/5 + (-8)/5. Let h be (a/3)/((-4)/(-144)). Let m = h - -23. Let k(v) = 8*v**3 + v + 1. Calculate k(m).
-8
Suppose -14 = -3*r + 6*h - 10*h, 0 = -h - 1. Let x(v) = -r + 17*v - 3 + 9. Calculate 